-h*p + 189*p. Is p a prime number?
False
Let d be (-6)/(-9)*(-27648)/(-8). Suppose 9*t - 14769 = -d. Is t composite?
True
Let p(c) = c**3 + 3*c**2 - 55*c + 8. Let u be p(6). Suppose 1216 = q + y - 177, -u*q + y + 2798 = 0. Is q a prime number?
False
Let m = -111480 + 672229. Is m prime?
False
Let s(j) = j**3 + 20*j**2 - 7*j - 17. Let v = 167 + -182. Is s(v) prime?
True
Is (21/6 - 3)*1/(8/827248) a composite number?
True
Let f be 2/(-8) + 27780/16. Suppose -4*z - 3*j - 2*j + 44 = 0, -5*j + 50 = 5*z. Suppose f = z*y - 250. Is y prime?
True
Let h(x) = -4181*x**2 + 18*x - 115. Let w be h(5). Is -8 + 8/((-48)/w) a composite number?
False
Let k(d) = d**2 - 4*d + 28. Let t be k(28). Let v = t - -339. Is v composite?
False
Is 32020569/81 + 6/(-9) a prime number?
False
Let a(f) = 3415*f**2 + 34*f - 34. Is a(1) prime?
False
Let m(c) = -23*c - 25 + 45*c - 17*c + 4. Is m(26) composite?
False
Suppose -1732762 = 93*f - 95*f - o, 0 = -f + 5*o + 866381. Is f a prime number?
False
Let j = -647 + 649. Is j - 1 - (-18211 + 12 - -13) a prime number?
False
Suppose 3*c + 277587 = 4*s, -69397 = -s + c - 0*c. Suppose s = 13*o - 51413. Is o a prime number?
True
Let h(l) = l**3 - 6*l**2 + 5*l + 4. Let g be h(5). Suppose 0 = g*b - 16, -2*b - 967 = -w - 2*w. Let v = 594 + w. Is v prime?
True
Let n(c) = 50*c**3 - 21*c**2 + 42*c - 10. Is n(13) a composite number?
True
Suppose -4*p + 3*g = 0, 6*g - 2*g = -2*p. Suppose 11*c - 6*c - 35 = p. Suppose -77 = c*y - 672. Is y prime?
False
Let q = -163 + 162. Is ((-5305)/10)/(q + (-2)/(-4)) composite?
False
Is 237343641/(-74)*2/(-27) + (-38)/171 a prime number?
True
Let w(h) = -5021*h - 7886. Is w(-17) a composite number?
False
Let a(r) = -726*r**2 + 25*r - 4. Let q(u) = -725*u**2 + 23*u - 3. Let f(z) = 4*a(z) - 5*q(z). Is f(-2) composite?
True
Suppose -10*y + 5*y - 3*y = 0. Is (-45)/90 + ((-2903)/(-2) - y) composite?
False
Let a = -387 + 387. Suppose a*x + 2*x - 4 = 0, -4*n + 5*x = -83706. Is n prime?
True
Let s(l) = 586*l**2 + 2*l**3 - 2*l - 597*l**2 + 8*l + 18. Let t be s(-8). Let h = 3752 + t. Is h prime?
False
Let h be -12*58*13*(-1)/2. Let y = h + 3303. Is y a composite number?
True
Let n(h) = 1. Let t(f) = 37*f - 11. Let o be 16/(-6)*(-6)/4. Let w(i) = o*n(i) + t(i). Is w(4) composite?
True
Suppose -17 = x - 7. Let g be 1194/15 + 4 + 36/x. Suppose -i + 55 = 3*c, 0*i = -4*c + 2*i + g. Is c a composite number?
False
Suppose -3*i - 8*i + 165486 = -5*i. Is i a composite number?
False
Let j = -88 - -264. Suppose 10256 = -168*z + j*z. Is z a prime number?
False
Suppose -21323 = -13*c + 6315. Suppose 2*s - 5*a - 4177 = 0, s + 4*a = -a + c. Is s a prime number?
False
Is (-196)/2548 - (-1384800)/13 a prime number?
False
Let k be (-4)/(-20) - (-74095)/25. Let c = k - -6527. Is c composite?
False
Let x(c) = -c - 40. Let n be x(-11). Let r = n - -24. Is r/20*3166*-2 composite?
False
Let j(f) = 5022*f - 617. Is j(14) a prime number?
True
Let k = 41 + -42. Let j be k*(-3 - (2/2 - -1)). Suppose 0 = 4*m + 3*u - 2673, -2*m + 2681 = 2*m - j*u. Is m prime?
False
Let t(o) = 24*o**2 - 17*o + 9. Let d be -6 - (4 - 0)*1. Is t(d) a prime number?
True
Is 2136248/28 - 7/(196/(-12)) prime?
False
Is 501/(-334)*336370/(-3) prime?
False
Let w(i) = 61*i**2 + 830*i + 92. Is w(-43) a composite number?
False
Suppose 0 = -26*o + 311604 + 888218. Is o composite?
False
Let q be 1 - (1 + 10/(-2)). Suppose -4*j - 401 = -3*l, 307 = -3*j - q*l + l. Let r = 166 + j. Is r prime?
False
Suppose -z - 10 = -t, 0*z = 3*z + 3*t. Let u be ((-2162)/z)/(2/20). Suppose 4*o + 0*o = u. Is o a prime number?
False
Let y(f) = -3769*f + 382. Let m be y(-36). Suppose 0 = -57*w + 71*w - m. Is w a composite number?
False
Suppose -2*g = -2*z + 68860 - 445394, 3*z = -4*g + 753068. Is g a prime number?
False
Let c(s) = 15*s**3 - 10*s**2 + 14*s - 31. Let t(j) = 4*j**2 - 13*j - 6. Let n be t(4). Is c(n) composite?
True
Suppose -4*g + 730 = 2*c + 8, 0 = 4*c + 2*g - 1450. Let y(h) = 8*h**2 - 2*h + 4. Let x be y(-5). Let u = c - x. Is u prime?
True
Let q = 945548 - 456289. Is q composite?
True
Let x = -26986 - -73837. Suppose -9*r + x = -225048. Is r a prime number?
True
Suppose 2*p - 12 = -2*p, -4*p + 16 = 2*j. Let k(d) = -23 - 30*d + 4*d**3 - 2*d**3 - d**3 + 16*d**2 + 7*d**j. Is k(-12) composite?
True
Suppose -12 = -2*r - 0. Is r/(-48) - (-7665)/8 prime?
False
Let a(r) = r**3 + 4*r**2 - 5*r. Let v be -2 - -6 - (-63)/(-7). Let l be a(v). Suppose 0 = -7*t - l*t + 1659. Is t a composite number?
True
Let j be (-10767)/(-5) + (-2 - (-56)/35). Let u = j + -912. Is u a composite number?
True
Let a(x) = -3*x - 4. Suppose 5*v - 8*v = 6. Let t be a(v). Is 1607/2 + (-1)/t composite?
True
Let w(l) = l**3 + 4*l**2 - 5*l + 7. Let i be w(-6). Let q = i + 38. Suppose 4*j - 5*a - 2727 = 0, -q*a + 2*a - 682 = -j. Is j a prime number?
True
Let x(i) = 3*i**3 + i**2 - i - 1. Let p be 1*(-4)/4*0. Suppose p = -4*h + 4 + 12. Is x(h) a prime number?
False
Let v be -5 + -6 - (-8 - 1592). Let k be (-5)/3*(-2 - 1). Suppose 4*o - 2539 = -5*d, 5*o - k*d = v + 1641. Is o a prime number?
True
Is (-7)/((30/80202)/(-5)) a composite number?
True
Let c(g) = 16610*g**2 + 51. Is c(2) composite?
False
Is -27452*(-4)/(-32)*-2 prime?
True
Suppose 79*a - 112 = 71*a. Suppose a*q + 35128 = 22*q. Is q a prime number?
True
Is 7 - 1149/(9/(22140/(-10))) a composite number?
False
Let u = -146 - -164. Is ((-46502)/6)/((-6)/u) a prime number?
True
Suppose 5*t + 534355 = 3*a + 3618009, -3*t - 3*a = -1850178. Is t composite?
False
Let x = -3 - -2. Let c(m) = -9*m**3 - 2*m**2 + 3*m + 1. Let y be c(3). Is 2/x - (-2 + y) a composite number?
False
Let p(i) = -6364*i - 11. Let c be (-5)/(20/12)*2/6. Is p(c) prime?
True
Let w(p) = 8688*p - 642. Let r(b) = -1738*b + 129. Let f(z) = 11*r(z) + 2*w(z). Is f(-4) a composite number?
False
Is 1714327 + ((-14)/3)/((-2)/(-3)) + 7 a composite number?
False
Let v(z) = 660*z**2 - 19*z + 34. Let l be 1*(-5 - -3) + (3 - -4). Is v(l) a prime number?
False
Let r be (-11)/(-66) - (1034/12 + -1). Let l = 551 - r. Suppose 2*o = -5*s + 457 + 191, 2*s = -2*o + l. Is o composite?
True
Let j(n) = -1617*n**3 + 6*n**2 + 91*n + 329. Is j(-4) a prime number?
True
Let u = 2923 - 1709. Let b = u + -277. Is b a composite number?
False
Let s(o) = 678*o**3 + 15*o**2 - 138*o + 248. Is s(9) composite?
True
Let k(a) = -8*a + 32. Let v be k(4). Suppose v = -7*f + 2765 - 910. Is f a prime number?
False
Let t(l) be the first derivative of -l**4 + 26*l**3/3 + 7*l**2 - 13*l + 154. Is t(-8) a prime number?
False
Let q(l) = l + 1. Let z be q(9). Let k be 3/15 + 2 + (-162)/z. Is (-2)/k + (-55352)/(-77) a composite number?
False
Suppose -4*q + 28 = -4*y, -q - 2 = -2*y - 3*q. Is 14/(-42) - ((-32444)/y)/(-2) prime?
True
Suppose 7*c + 0 = 21. Suppose -2*g - 41 = -c*m, 2*g = 4*g - m + 35. Is (-2 + g/(-6))/((-1)/(-129)) a composite number?
True
Is (-1)/(-8) + 465/80*55558 a prime number?
False
Suppose 5*v - 168380 = 294715. Suppose -76810 - v = -13*a. Is a composite?
False
Is 15/(-35) - (-1933584)/168 a composite number?
True
Let g = -13762 - -20676. Suppose 0 = p + p - g. Is p a prime number?
True
Suppose 230*f + 21570 = 228*f. Let a = f + 17516. Is a a composite number?
True
Let q = -24024 + 16634. Let d = 14151 + q. Is d a composite number?
False
Let y(l) = -2222*l**3 + 2*l - 1. Is y(-3) a composite number?
True
Suppose -4*t = -3*g + 21, -3*t - g - 12 - 20 = 0. Is (-2)/t - (-113885)/45 prime?
True
Let j(x) = 2771*x**2 - 3*x + 5. Let n(r) = -2770*r**2 + 4*r - 5. Let d(s) = 6*j(s) + 5*n(s). Is d(-2) a composite number?
True
Let y(s) be the first derivative of 10 + 14/3*s**3 - 18*s + 5/2*s**2. Is y(-7) prime?
False
Suppose i - 48 = -4*y, 4*i = 5*y - 53 + 245. Is (-1097)/(-7) - (i/56)/(-3) composite?
False
Let z(t) = 36750*t + 2. Let g be z(1). Suppose 464 + g = 16*r. Is r a prime number?
False
Suppose 0 = -58*i + 63*i - k - 15714714, k = 2*i - 6285891. Is i composite?
True
Let t be (224/(-21)*3)/(3/7734). Let c = t + 117769. Is c a prime number?
False
Suppose 0 = o + 1, 3*g + 4*o = 3603 + 14654. Let q = g + -2042. Is q composite?
True
Let h(l) = -l**3 + 14*l**2 + 34*l - 29. Let k be h(16). Suppose -k*u = -4*t + 3940 + 1804, u + 5752 = 4*t. Suppose -t = -3*n + 1912. Is n a prime number?
True
Is 94573*(-6 + (-78)/(-6)) composite?
True
Is (1062/